{"id":2766279,"date":"2024-05-31T11:26:14","date_gmt":"2024-05-31T11:26:14","guid":{"rendered":""},"modified":"2024-05-31T11:26:14","modified_gmt":"2024-05-31T11:26:14","slug":"lame-kaas-kulmale-toidule-pla-115-seeria-pakis-50-tk","status":"publish","type":"product","link":"https:\/\/mixpack.ee\/fi\/product\/lame-kaas-kulmale-toidule-pla-115-seeria-pakis-50-tk\/","title":{"rendered":"Suora kansi, kylm\u00e4t ruuat, PLA, sarja 115, 50 kpl per pakkaus"},"content":{"rendered":"<p><TABLE> <TR class='ss_at' ss_attr='T\u00fckkide arv pakendis' ><br \/>\n<TD class='ss_at_name'>Kappaletta pakkauksessa<\/TD><br \/>\n<TD class='ss_at_val'>50<\/TD><br \/>\n<\/TR><br \/>\n<TR class='ss_at' ss_attr='EAN' ><br \/>\n<TD class='ss_at_name'>EAN<\/TD><br \/>\n<TD class='ss_at_val'>5060271928866<\/TD><br \/>\n<\/TR><br \/>\n<TR class='ss_at' ss_attr='Pakke\u00fcksuste arv kastis' ><br \/>\n<TD class='ss_at_name'>Pakkauksia laatikossa<\/TD><br \/>\n<TD class='ss_at_val'>10<\/TD><br \/>\n<\/TR><br \/>\n<TR class='ss_at' ss_attr='T\u00fckkide arv kastis' ><br \/>\n<TD class='ss_at_name'>Kappaletta laatikossa<\/TD><br \/>\n<TD class='ss_at_val'>500<\/TD><br \/>\n<\/TR><br \/>\n<TR class='ss_at' ss_attr='Karpi pikkus (m)' ><br \/>\n<TD class='ss_at_name'>Laatikon pituus (m)<\/TD><br \/>\n<TD class='ss_at_val'>605<\/TD><br \/>\n<\/TR><br \/>\n<TR class='ss_at' ss_attr='Kasti k\u00f5rgus (m)' ><br \/>\n<TD class='ss_at_name'>Laatikon korkeus (m)<\/TD><br \/>\n<TD class='ss_at_val'>315<\/TD><br \/>\n<\/TR><br \/>\n<TR class='ss_at' ss_attr='Kasti s\u00fcgavus (m)' ><br \/>\n<TD class='ss_at_name'>Laatikon syvyys (m)<\/TD><br \/>\n<TD class='ss_at_val'>255<\/TD><br \/>\n<\/TR><br \/>\n<TR class='ss_at' ss_attr='Kasti maht (m)' ><br \/>\n<TD class='ss_at_name'>Laatikon tilavuus (m)<\/TD><br \/>\n<TD class='ss_at_val'>0,049<\/TD><br \/>\n<\/TR><br \/>\n<TR class='ss_at' ss_attr='1.7m kaubaaluste kogus' ><br \/>\n<TD class='ss_at_name'>1,7m lavoja<\/TD><br \/>\n<TD class='ss_at_val'>30<\/TD><br \/>\n<\/TR><br \/>\n<TR class='ss_at' ss_attr='2.1m kaubaaluste kogus' ><br \/>\n<TD class='ss_at_name'>2,1m lavoja<\/TD><br \/>\n<TD class='ss_at_val'>30<\/TD><br \/>\n<\/TR><br \/>\n<TR class='ss_at' ss_attr='Kauba netokaal (kg)' ><br \/>\n<TD class='ss_at_name'>Tavaran nettopaino (kg)<\/TD><br \/>\n<TD class='ss_at_val'>2<\/TD><br \/>\n<\/TR><br \/>\n<TR class='ss_at' ss_attr='Toote kogukaal (kg)' ><br \/>\n<TD class='ss_at_name'>Tuotteen kokopaino (kg)<\/TD><br \/>\n<TD class='ss_at_val'>3<\/TD><br \/>\n<\/TR><br \/>\n<TR class='ss_at' ss_attr='V\u00e4line pakkimiskaal (kg)' ><br \/>\n<TD class='ss_at_name'>Ulkoinen paino (kg)<\/TD><br \/>\n<TD class='ss_at_val'>0,9<\/TD><br \/>\n<\/TR><br \/>\n<TR class='ss_at' ss_attr='Sisupakendi kaal (kg)' ><br \/>\n<TD class='ss_at_name'>Sis\u00e4inen paino (kg)<\/TD><br \/>\n<TD class='ss_at_val'>0,1<\/TD><br \/>\n<\/TR><br \/>\n<TR class='ss_at' ss_attr='Pakkendi kaal (kg)' ><br \/>\n<TD class='ss_at_name'>Pakkauksen paino (kg)<\/TD><br \/>\n<TD class='ss_at_val'>0,2<\/TD><br \/>\n<\/TR><br \/>\n<\/TABLE><SCRIPT>ss_serdce=1;ss_treug=0;ss_elka=1;ss_petla=1;ss_carbon=1;ss_piece_count=50 ;ss_korobka_count=10 ;<\/SCRIPT><\/p>","protected":false},"excerpt":{"rendered":"<p>L\u00e4pin\u00e4kyv\u00e4 tasakansi kylmille ruuille Vegware 115-sarjan keittoastioihin. Suositellaan hedelm\u00e4salaateille, kylmille ja v\u00e4rikk\u00e4ille salaateille ja vaikka vihannespaloille. Valmistettu polylaktidista, joka on ymp\u00e4rist\u00f6yst\u00e4v\u00e4llinen vastine muoville. L\u00e4pin\u00e4kyv\u00e4. Palkittua Vegware-laatua, valmistettu kasvikuiduista, ei sis\u00e4ll\u00e4 muovia. Teollisesti kompostoitava.<DIV class='hide'>5060271928866 V115F<\/DIV><\/p>\n","protected":false},"featured_media":2766280,"template":"","meta":[],"product_brand":[],"product_cat":[6531,6538,6535,6578,6605],"product_tag":[],"class_list":{"0":"post-2766279","1":"product","2":"type-product","3":"status-publish","4":"has-post-thumbnail","6":"product_cat-populaarsed-valikud","7":"product_cat-euroopa-kook","8":"product_cat-tervislik-toit-ja-smuutid","9":"product_cat-supikausid","10":"product_cat-kaaned-kulmadele-toitudele","11":"product_shipping_class-mix","13":"first","14":"instock","15":"taxable","16":"shipping-taxable","17":"purchasable","18":"product-type-simple"},"aioseo_notices":[],"_links":{"self":[{"href":"https:\/\/mixpack.ee\/fi\/wp-json\/wp\/v2\/product\/2766279","targetHints":{"allow":["GET"]}}],"collection":[{"href":"https:\/\/mixpack.ee\/fi\/wp-json\/wp\/v2\/product"}],"about":[{"href":"https:\/\/mixpack.ee\/fi\/wp-json\/wp\/v2\/types\/product"}],"wp:featuredmedia":[{"embeddable":true,"href":"https:\/\/mixpack.ee\/fi\/wp-json\/wp\/v2\/media\/2766280"}],"wp:attachment":[{"href":"https:\/\/mixpack.ee\/fi\/wp-json\/wp\/v2\/media?parent=2766279"}],"wp:term":[{"taxonomy":"product_brand","embeddable":true,"href":"https:\/\/mixpack.ee\/fi\/wp-json\/wp\/v2\/product_brand?post=2766279"},{"taxonomy":"product_cat","embeddable":true,"href":"https:\/\/mixpack.ee\/fi\/wp-json\/wp\/v2\/product_cat?post=2766279"},{"taxonomy":"product_tag","embeddable":true,"href":"https:\/\/mixpack.ee\/fi\/wp-json\/wp\/v2\/product_tag?post=2766279"}],"curies":[{"name":"wp","href":"https:\/\/api.w.org\/{rel}","templated":true}]}}

Suora kansi, kylmät ruuat, PLA, sarja 115, 50 kpl per pakkaus

<p><TABLE> <TR class='ss_at' ss_attr='Tükkide arv pakendis' ><br />
<TD class='ss_at_name'>Kappaletta pakkauksessa</TD><br />
<TD class='ss_at_val'>50</TD><br />
</TR><br />
<TR class='ss_at' ss_attr='EAN' ><br />
<TD class='ss_at_name'>EAN</TD><br />
<TD class='ss_at_val'>5060271928866</TD><br />
</TR><br />
<TR class='ss_at' ss_attr='Pakkeüksuste arv kastis' ><br />
<TD class='ss_at_name'>Pakkauksia laatikossa</TD><br />
<TD class='ss_at_val'>10</TD><br />
</TR><br />
<TR class='ss_at' ss_attr='Tükkide arv kastis' ><br />
<TD class='ss_at_name'>Kappaletta laatikossa</TD><br />
<TD class='ss_at_val'>500</TD><br />
</TR><br />
<TR class='ss_at' ss_attr='Karpi pikkus (m)' ><br />
<TD class='ss_at_name'>Laatikon pituus (m)</TD><br />
<TD class='ss_at_val'>605</TD><br />
</TR><br />
<TR class='ss_at' ss_attr='Kasti kõrgus (m)' ><br />
<TD class='ss_at_name'>Laatikon korkeus (m)</TD><br />
<TD class='ss_at_val'>315</TD><br />
</TR><br />
<TR class='ss_at' ss_attr='Kasti sügavus (m)' ><br />
<TD class='ss_at_name'>Laatikon syvyys (m)</TD><br />
<TD class='ss_at_val'>255</TD><br />
</TR><br />
<TR class='ss_at' ss_attr='Kasti maht (m)' ><br />
<TD class='ss_at_name'>Laatikon tilavuus (m)</TD><br />
<TD class='ss_at_val'>0,049</TD><br />
</TR><br />
<TR class='ss_at' ss_attr='1.7m kaubaaluste kogus' ><br />
<TD class='ss_at_name'>1,7m lavoja</TD><br />
<TD class='ss_at_val'>30</TD><br />
</TR><br />
<TR class='ss_at' ss_attr='2.1m kaubaaluste kogus' ><br />
<TD class='ss_at_name'>2,1m lavoja</TD><br />
<TD class='ss_at_val'>30</TD><br />
</TR><br />
<TR class='ss_at' ss_attr='Kauba netokaal (kg)' ><br />
<TD class='ss_at_name'>Tavaran nettopaino (kg)</TD><br />
<TD class='ss_at_val'>2</TD><br />
</TR><br />
<TR class='ss_at' ss_attr='Toote kogukaal (kg)' ><br />
<TD class='ss_at_name'>Tuotteen kokopaino (kg)</TD><br />
<TD class='ss_at_val'>3</TD><br />
</TR><br />
<TR class='ss_at' ss_attr='Väline pakkimiskaal (kg)' ><br />
<TD class='ss_at_name'>Ulkoinen paino (kg)</TD><br />
<TD class='ss_at_val'>0,9</TD><br />
</TR><br />
<TR class='ss_at' ss_attr='Sisupakendi kaal (kg)' ><br />
<TD class='ss_at_name'>Sisäinen paino (kg)</TD><br />
<TD class='ss_at_val'>0,1</TD><br />
</TR><br />
<TR class='ss_at' ss_attr='Pakkendi kaal (kg)' ><br />
<TD class='ss_at_name'>Pakkauksen paino (kg)</TD><br />
<TD class='ss_at_val'>0,2</TD><br />
</TR><br />
</TABLE><SCRIPT>ss_serdce=1;ss_treug=0;ss_elka=1;ss_petla=1;ss_carbon=1;ss_piece_count=50 ;ss_korobka_count=10 ;</SCRIPT></p>

<p>Läpinäkyvä tasakansi kylmille ruuille Vegware 115-sarjan keittoastioihin. Suositellaan hedelmäsalaateille, kylmille ja värikkäille salaateille ja vaikka vihannespaloille. Valmistettu polylaktidista, joka on ympäristöystävällinen vastine muoville. Läpinäkyvä. Palkittua Vegware-laatua, valmistettu kasvikuiduista, ei sisällä muovia. Teollisesti kompostoitava.<DIV class='hide'>5060271928866 V115F</DIV></p>
