{"id":2766072,"date":"2024-05-31T11:26:13","date_gmt":"2024-05-31T11:26:13","guid":{"rendered":""},"modified":"2024-05-31T11:26:13","modified_gmt":"2024-05-31T11:26:13","slug":"ummargune-deli-karbi-kaas-sobib-240-960-ml-karbile-pla-pakis-50-tk","status":"publish","type":"product","link":"https:\/\/mixpack.ee\/fi\/product\/ummargune-deli-karbi-kaas-sobib-240-960-ml-karbile-pla-pakis-50-tk\/","title":{"rendered":"Py\u00f6re\u00e4 kahvilarasian kansi (240-960 ml rasioihin), PLA, 50 kpl per pakkaus"},"content":{"rendered":"<p><TABLE> <TR class='ss_at' ss_attr='T\u00fckkide arv pakendis' ><br \/>\n<TD class='ss_at_name'>Kappaletta pakkauksessa<\/TD><br \/>\n<TD class='ss_at_val'>50<\/TD><br \/>\n<\/TR><br \/>\n<TR class='ss_at' ss_attr='EAN' ><br \/>\n<TD class='ss_at_name'>EAN<\/TD><br \/>\n<TD class='ss_at_val'>5060271928422<\/TD><br \/>\n<\/TR><br \/>\n<TR class='ss_at' ss_attr='Pakke\u00fcksuste arv kastis' ><br \/>\n<TD class='ss_at_name'>Pakkauksia laatikossa<\/TD><br \/>\n<TD class='ss_at_val'>10<\/TD><br \/>\n<\/TR><br \/>\n<TR class='ss_at' ss_attr='T\u00fckkide arv kastis' ><br \/>\n<TD class='ss_at_name'>Kappaletta laatikossa<\/TD><br \/>\n<TD class='ss_at_val'>500<\/TD><br \/>\n<\/TR><br \/>\n<TR class='ss_at' ss_attr='Karpi pikkus (m)' ><br \/>\n<TD class='ss_at_name'>Laatikon pituus (m)<\/TD><br \/>\n<TD class='ss_at_val'>0,615<\/TD><br \/>\n<\/TR><br \/>\n<TR class='ss_at' ss_attr='Kasti k\u00f5rgus (m)' ><br \/>\n<TD class='ss_at_name'>Laatikon korkeus (m)<\/TD><br \/>\n<TD class='ss_at_val'>0,255<\/TD><br \/>\n<\/TR><br \/>\n<TR class='ss_at' ss_attr='Kasti s\u00fcgavus (m)' ><br \/>\n<TD class='ss_at_name'>Laatikon syvyys (m)<\/TD><br \/>\n<TD class='ss_at_val'>0,21<\/TD><br \/>\n<\/TR><br \/>\n<TR class='ss_at' ss_attr='Kasti maht (m)' ><br \/>\n<TD class='ss_at_name'>Laatikon tilavuus (m)<\/TD><br \/>\n<TD class='ss_at_val'>0,033<\/TD><br \/>\n<\/TR><br \/>\n<TR class='ss_at' ss_attr='1.7m kaubaaluste kogus' ><br \/>\n<TD class='ss_at_name'>1,7m lavoja<\/TD><br \/>\n<TD class='ss_at_val'>32<\/TD><br \/>\n<\/TR><br \/>\n<TR class='ss_at' ss_attr='2.1m kaubaaluste kogus' ><br \/>\n<TD class='ss_at_name'>2,1m lavoja<\/TD><br \/>\n<TD class='ss_at_val'>32<\/TD><br \/>\n<\/TR><br \/>\n<TR class='ss_at' ss_attr='Kauba netokaal (kg)' ><br \/>\n<TD class='ss_at_name'>Tavaran nettopaino (kg)<\/TD><br \/>\n<TD class='ss_at_val'>3,45<\/TD><br \/>\n<\/TR><br \/>\n<TR class='ss_at' ss_attr='Toote kogukaal (kg)' ><br \/>\n<TD class='ss_at_name'>Tuotteen kokopaino (kg)<\/TD><br \/>\n<TD class='ss_at_val'>4,3<\/TD><br \/>\n<\/TR><br \/>\n<TR class='ss_at' ss_attr='V\u00e4line pakkimiskaal (kg)' ><br \/>\n<TD class='ss_at_name'>Ulkoinen paino (kg)<\/TD><br \/>\n<TD class='ss_at_val'>0,75<\/TD><br \/>\n<\/TR><br \/>\n<TR class='ss_at' ss_attr='Sisupakendi kaal (kg)' ><br \/>\n<TD class='ss_at_name'>Sis\u00e4inen paino (kg)<\/TD><br \/>\n<TD class='ss_at_val'>0,1<\/TD><br \/>\n<\/TR><br \/>\n<TR class='ss_at' ss_attr='Pakkendi kaal (kg)' ><br \/>\n<TD class='ss_at_name'>Pakkauksen paino (kg)<\/TD><br \/>\n<TD class='ss_at_val'>0,345<\/TD><br \/>\n<\/TR><br \/>\n<\/TABLE><SCRIPT>ss_serdce=1;ss_treug=0;ss_elka=0;ss_petla=1;ss_carbon=1;ss_piece_count=50 ;ss_korobka_count=10 ;<\/SCRIPT><\/p>","protected":false},"excerpt":{"rendered":"<p>L\u00e4pin\u00e4kyv\u00e4 kansi Vegware 240-960 ml:n deli-rasioille. Materiaali t\u00e4ysin kasvipohjainen, ei sis\u00e4ll\u00e4 muovia.<DIV class='hide'>5060271928422 VDC-120H<\/DIV><\/p>\n","protected":false},"featured_media":2766073,"template":"","meta":[],"product_brand":[],"product_cat":[7174,7250,7173,7032,7163,6531,6533,6535,6558,6559,6547],"product_tag":[],"class_list":{"0":"post-2766072","1":"product","2":"type-product","3":"status-publish","4":"has-post-thumbnail","6":"product_cat-labipaistvad-karbid1","7":"product_cat-portsjoni-kausid","8":"product_cat-salatikausid1","9":"product_cat-taldrikud-ja-kausid","10":"product_cat-uhekordsed-toidukarbid-ja-kaaned","11":"product_cat-populaarsed-valikud","12":"product_cat-salatid-ja-poke","13":"product_cat-tervislik-toit-ja-smuutid","14":"product_cat-deli-karbid","15":"product_cat-ummargused-kausid","16":"product_cat-salatikarbid","17":"product_shipping_class-mix","19":"first","20":"instock","21":"taxable","22":"shipping-taxable","23":"purchasable","24":"product-type-simple"},"aioseo_notices":[],"_links":{"self":[{"href":"https:\/\/mixpack.ee\/fi\/wp-json\/wp\/v2\/product\/2766072","targetHints":{"allow":["GET"]}}],"collection":[{"href":"https:\/\/mixpack.ee\/fi\/wp-json\/wp\/v2\/product"}],"about":[{"href":"https:\/\/mixpack.ee\/fi\/wp-json\/wp\/v2\/types\/product"}],"wp:featuredmedia":[{"embeddable":true,"href":"https:\/\/mixpack.ee\/fi\/wp-json\/wp\/v2\/media\/2766073"}],"wp:attachment":[{"href":"https:\/\/mixpack.ee\/fi\/wp-json\/wp\/v2\/media?parent=2766072"}],"wp:term":[{"taxonomy":"product_brand","embeddable":true,"href":"https:\/\/mixpack.ee\/fi\/wp-json\/wp\/v2\/product_brand?post=2766072"},{"taxonomy":"product_cat","embeddable":true,"href":"https:\/\/mixpack.ee\/fi\/wp-json\/wp\/v2\/product_cat?post=2766072"},{"taxonomy":"product_tag","embeddable":true,"href":"https:\/\/mixpack.ee\/fi\/wp-json\/wp\/v2\/product_tag?post=2766072"}],"curies":[{"name":"wp","href":"https:\/\/api.w.org\/{rel}","templated":true}]}}

Pyöreä kahvilarasian kansi (240-960 ml rasioihin), PLA, 50 kpl per pakkaus

<p><TABLE> <TR class='ss_at' ss_attr='Tükkide arv pakendis' ><br />
<TD class='ss_at_name'>Kappaletta pakkauksessa</TD><br />
<TD class='ss_at_val'>50</TD><br />
</TR><br />
<TR class='ss_at' ss_attr='EAN' ><br />
<TD class='ss_at_name'>EAN</TD><br />
<TD class='ss_at_val'>5060271928422</TD><br />
</TR><br />
<TR class='ss_at' ss_attr='Pakkeüksuste arv kastis' ><br />
<TD class='ss_at_name'>Pakkauksia laatikossa</TD><br />
<TD class='ss_at_val'>10</TD><br />
</TR><br />
<TR class='ss_at' ss_attr='Tükkide arv kastis' ><br />
<TD class='ss_at_name'>Kappaletta laatikossa</TD><br />
<TD class='ss_at_val'>500</TD><br />
</TR><br />
<TR class='ss_at' ss_attr='Karpi pikkus (m)' ><br />
<TD class='ss_at_name'>Laatikon pituus (m)</TD><br />
<TD class='ss_at_val'>0,615</TD><br />
</TR><br />
<TR class='ss_at' ss_attr='Kasti kõrgus (m)' ><br />
<TD class='ss_at_name'>Laatikon korkeus (m)</TD><br />
<TD class='ss_at_val'>0,255</TD><br />
</TR><br />
<TR class='ss_at' ss_attr='Kasti sügavus (m)' ><br />
<TD class='ss_at_name'>Laatikon syvyys (m)</TD><br />
<TD class='ss_at_val'>0,21</TD><br />
</TR><br />
<TR class='ss_at' ss_attr='Kasti maht (m)' ><br />
<TD class='ss_at_name'>Laatikon tilavuus (m)</TD><br />
<TD class='ss_at_val'>0,033</TD><br />
</TR><br />
<TR class='ss_at' ss_attr='1.7m kaubaaluste kogus' ><br />
<TD class='ss_at_name'>1,7m lavoja</TD><br />
<TD class='ss_at_val'>32</TD><br />
</TR><br />
<TR class='ss_at' ss_attr='2.1m kaubaaluste kogus' ><br />
<TD class='ss_at_name'>2,1m lavoja</TD><br />
<TD class='ss_at_val'>32</TD><br />
</TR><br />
<TR class='ss_at' ss_attr='Kauba netokaal (kg)' ><br />
<TD class='ss_at_name'>Tavaran nettopaino (kg)</TD><br />
<TD class='ss_at_val'>3,45</TD><br />
</TR><br />
<TR class='ss_at' ss_attr='Toote kogukaal (kg)' ><br />
<TD class='ss_at_name'>Tuotteen kokopaino (kg)</TD><br />
<TD class='ss_at_val'>4,3</TD><br />
</TR><br />
<TR class='ss_at' ss_attr='Väline pakkimiskaal (kg)' ><br />
<TD class='ss_at_name'>Ulkoinen paino (kg)</TD><br />
<TD class='ss_at_val'>0,75</TD><br />
</TR><br />
<TR class='ss_at' ss_attr='Sisupakendi kaal (kg)' ><br />
<TD class='ss_at_name'>Sisäinen paino (kg)</TD><br />
<TD class='ss_at_val'>0,1</TD><br />
</TR><br />
<TR class='ss_at' ss_attr='Pakkendi kaal (kg)' ><br />
<TD class='ss_at_name'>Pakkauksen paino (kg)</TD><br />
<TD class='ss_at_val'>0,345</TD><br />
</TR><br />
</TABLE><SCRIPT>ss_serdce=1;ss_treug=0;ss_elka=0;ss_petla=1;ss_carbon=1;ss_piece_count=50 ;ss_korobka_count=10 ;</SCRIPT></p>

<p>Läpinäkyvä kansi Vegware 240-960 ml:n deli-rasioille. Materiaali täysin kasvipohjainen, ei sisällä muovia.<DIV class='hide'>5060271928422 VDC-120H</DIV></p>
