{"id":2765398,"date":"2024-05-31T11:26:09","date_gmt":"2024-05-31T11:26:09","guid":{"rendered":""},"modified":"2024-05-31T11:26:09","modified_gmt":"2024-05-31T11:26:09","slug":"keskmine-salatikarp-aknaga-660ml-pakis-300-tk","status":"publish","type":"product","link":"https:\/\/mixpack.ee\/fi\/product\/keskmine-salatikarp-aknaga-660ml-pakis-300-tk\/","title":{"rendered":"Salaattirasia medium 660 ml, ikkunalla, 300 kpl per pakkaus"},"content":{"rendered":"<p><TABLE> <TR class='ss_at' ss_attr='T\u00fckkide arv pakendis' ><br \/>\n<TD class='ss_at_name'>Kappaletta pakkauksessa<\/TD><br \/>\n<TD class='ss_at_val'>300<\/TD><br \/>\n<\/TR><br \/>\n<TR class='ss_at' ss_attr='EAN' ><br \/>\n<TD class='ss_at_name'>EAN<\/TD><br \/>\n<TD class='ss_at_val'>5060271923854<\/TD><br \/>\n<\/TR><br \/>\n<TR class='ss_at' ss_attr='Pakke\u00fcksuste arv kastis' ><br \/>\n<TD class='ss_at_name'>Pakkauksia laatikossa<\/TD><br \/>\n<TD class='ss_at_val'>1<\/TD><br \/>\n<\/TR><br \/>\n<TR class='ss_at' ss_attr='T\u00fckkide arv kastis' ><br \/>\n<TD class='ss_at_name'>Kappaletta laatikossa<\/TD><br \/>\n<TD class='ss_at_val'>300<\/TD><br \/>\n<\/TR><br \/>\n<TR class='ss_at' ss_attr='Karpi pikkus (m)' ><br \/>\n<TD class='ss_at_name'>Laatikon pituus (m)<\/TD><br \/>\n<TD class='ss_at_val'>0,33<\/TD><br \/>\n<\/TR><br \/>\n<TR class='ss_at' ss_attr='Kasti k\u00f5rgus (m)' ><br \/>\n<TD class='ss_at_name'>Laatikon korkeus (m)<\/TD><br \/>\n<TD class='ss_at_val'>315<\/TD><br \/>\n<\/TR><br \/>\n<TR class='ss_at' ss_attr='Kasti s\u00fcgavus (m)' ><br \/>\n<TD class='ss_at_name'>Laatikon syvyys (m)<\/TD><br \/>\n<TD class='ss_at_val'>0,6<\/TD><br \/>\n<\/TR><br \/>\n<TR class='ss_at' ss_attr='Kasti maht (m)' ><br \/>\n<TD class='ss_at_name'>Laatikon tilavuus (m)<\/TD><br \/>\n<TD class='ss_at_val'>0,062<\/TD><br \/>\n<\/TR><br \/>\n<TR class='ss_at' ss_attr='1.7m kaubaaluste kogus' ><br \/>\n<TD class='ss_at_name'>1,7m lavoja<\/TD><br \/>\n<TD class='ss_at_val'>24<\/TD><br \/>\n<\/TR><br \/>\n<TR class='ss_at' ss_attr='2.1m kaubaaluste kogus' ><br \/>\n<TD class='ss_at_name'>2,1m lavoja<\/TD><br \/>\n<TD class='ss_at_val'>30<\/TD><br \/>\n<\/TR><br \/>\n<TR class='ss_at' ss_attr='Kauba netokaal (kg)' ><br \/>\n<TD class='ss_at_name'>Tavaran nettopaino (kg)<\/TD><br \/>\n<TD class='ss_at_val'>5<\/TD><br \/>\n<\/TR><br \/>\n<TR class='ss_at' ss_attr='Toote kogukaal (kg)' ><br \/>\n<TD class='ss_at_name'>Tuotteen kokopaino (kg)<\/TD><br \/>\n<TD class='ss_at_val'>5,9<\/TD><br \/>\n<\/TR><br \/>\n<TR class='ss_at' ss_attr='V\u00e4line pakkimiskaal (kg)' ><br \/>\n<TD class='ss_at_name'>Ulkoinen paino (kg)<\/TD><br \/>\n<TD class='ss_at_val'>0,9<\/TD><br \/>\n<\/TR><br \/>\n<TR class='ss_at' ss_attr='Sisupakendi kaal (kg)' ><br \/>\n<TD class='ss_at_name'>Sis\u00e4inen paino (kg)<\/TD><br \/>\n<TD class='ss_at_val'>0<\/TD><br \/>\n<\/TR><br \/>\n<TR class='ss_at' ss_attr='Pakkendi kaal (kg)' ><br \/>\n<TD class='ss_at_name'>Pakkauksen paino (kg)<\/TD><br \/>\n<TD class='ss_at_val'>5<\/TD><br \/>\n<\/TR><br \/>\n<\/TABLE><SCRIPT>ss_serdce=1;ss_treug=0;ss_elka=1;ss_petla=1;ss_carbon=1;ss_piece_count=300 ;ss_korobka_count=1 ;<\/SCRIPT><\/p>","protected":false},"excerpt":{"rendered":"<p>Salaattirasiat on valmistettu tukevasta ja rasvankest\u00e4v\u00e4st\u00e4 kraft-paperista, jonka sis\u00e4puolella on vesipohjainen pinnoite ja biohajoava, kasvipohjainen PLA-ikkuna &#8211; mik\u00e4 hieno tapa n\u00e4ytt\u00e4\u00e4 asiakkaille herkullinen salaatti tai muu kylm\u00e4 ateria!<DIV class='hide'>5060271923854 01VWPASTA<\/DIV><\/p>\n","protected":false},"featured_media":2765399,"template":"","meta":[],"product_brand":[],"product_cat":[6975,6986,6531,6534,6533,6535,6547],"product_tag":[],"class_list":{"0":"post-2765398","1":"product","2":"type-product","3":"status-publish","4":"has-post-thumbnail","6":"product_cat-kiirtoidunoud1","7":"product_cat-koogikarbid","8":"product_cat-populaarsed-valikud","9":"product_cat-pasta-ja-nuudlid","10":"product_cat-salatid-ja-poke","11":"product_cat-tervislik-toit-ja-smuutid","12":"product_cat-salatikarbid","13":"product_shipping_class-mix","15":"first","16":"instock","17":"taxable","18":"shipping-taxable","19":"purchasable","20":"product-type-simple"},"aioseo_notices":[],"_links":{"self":[{"href":"https:\/\/mixpack.ee\/fi\/wp-json\/wp\/v2\/product\/2765398","targetHints":{"allow":["GET"]}}],"collection":[{"href":"https:\/\/mixpack.ee\/fi\/wp-json\/wp\/v2\/product"}],"about":[{"href":"https:\/\/mixpack.ee\/fi\/wp-json\/wp\/v2\/types\/product"}],"wp:featuredmedia":[{"embeddable":true,"href":"https:\/\/mixpack.ee\/fi\/wp-json\/wp\/v2\/media\/2765399"}],"wp:attachment":[{"href":"https:\/\/mixpack.ee\/fi\/wp-json\/wp\/v2\/media?parent=2765398"}],"wp:term":[{"taxonomy":"product_brand","embeddable":true,"href":"https:\/\/mixpack.ee\/fi\/wp-json\/wp\/v2\/product_brand?post=2765398"},{"taxonomy":"product_cat","embeddable":true,"href":"https:\/\/mixpack.ee\/fi\/wp-json\/wp\/v2\/product_cat?post=2765398"},{"taxonomy":"product_tag","embeddable":true,"href":"https:\/\/mixpack.ee\/fi\/wp-json\/wp\/v2\/product_tag?post=2765398"}],"curies":[{"name":"wp","href":"https:\/\/api.w.org\/{rel}","templated":true}]}}

<p><TABLE> <TR class='ss_at' ss_attr='Tükkide arv pakendis' ><br />
<TD class='ss_at_name'>Kappaletta pakkauksessa</TD><br />
<TD class='ss_at_val'>300</TD><br />
</TR><br />
<TR class='ss_at' ss_attr='EAN' ><br />
<TD class='ss_at_name'>EAN</TD><br />
<TD class='ss_at_val'>5060271923854</TD><br />
</TR><br />
<TR class='ss_at' ss_attr='Pakkeüksuste arv kastis' ><br />
<TD class='ss_at_name'>Pakkauksia laatikossa</TD><br />
<TD class='ss_at_val'>1</TD><br />
</TR><br />
<TR class='ss_at' ss_attr='Tükkide arv kastis' ><br />
<TD class='ss_at_name'>Kappaletta laatikossa</TD><br />
<TD class='ss_at_val'>300</TD><br />
</TR><br />
<TR class='ss_at' ss_attr='Karpi pikkus (m)' ><br />
<TD class='ss_at_name'>Laatikon pituus (m)</TD><br />
<TD class='ss_at_val'>0,33</TD><br />
</TR><br />
<TR class='ss_at' ss_attr='Kasti kõrgus (m)' ><br />
<TD class='ss_at_name'>Laatikon korkeus (m)</TD><br />
<TD class='ss_at_val'>315</TD><br />
</TR><br />
<TR class='ss_at' ss_attr='Kasti sügavus (m)' ><br />
<TD class='ss_at_name'>Laatikon syvyys (m)</TD><br />
<TD class='ss_at_val'>0,6</TD><br />
</TR><br />
<TR class='ss_at' ss_attr='Kasti maht (m)' ><br />
<TD class='ss_at_name'>Laatikon tilavuus (m)</TD><br />
<TD class='ss_at_val'>0,062</TD><br />
</TR><br />
<TR class='ss_at' ss_attr='1.7m kaubaaluste kogus' ><br />
<TD class='ss_at_name'>1,7m lavoja</TD><br />
<TD class='ss_at_val'>24</TD><br />
</TR><br />
<TR class='ss_at' ss_attr='2.1m kaubaaluste kogus' ><br />
<TD class='ss_at_name'>2,1m lavoja</TD><br />
<TD class='ss_at_val'>30</TD><br />
</TR><br />
<TR class='ss_at' ss_attr='Kauba netokaal (kg)' ><br />
<TD class='ss_at_name'>Tavaran nettopaino (kg)</TD><br />
<TD class='ss_at_val'>5</TD><br />
</TR><br />
<TR class='ss_at' ss_attr='Toote kogukaal (kg)' ><br />
<TD class='ss_at_name'>Tuotteen kokopaino (kg)</TD><br />
<TD class='ss_at_val'>5,9</TD><br />
</TR><br />
<TR class='ss_at' ss_attr='Väline pakkimiskaal (kg)' ><br />
<TD class='ss_at_name'>Ulkoinen paino (kg)</TD><br />
<TD class='ss_at_val'>0,9</TD><br />
</TR><br />
<TR class='ss_at' ss_attr='Sisupakendi kaal (kg)' ><br />
<TD class='ss_at_name'>Sisäinen paino (kg)</TD><br />
<TD class='ss_at_val'>0</TD><br />
</TR><br />
<TR class='ss_at' ss_attr='Pakkendi kaal (kg)' ><br />
<TD class='ss_at_name'>Pakkauksen paino (kg)</TD><br />
<TD class='ss_at_val'>5</TD><br />
</TR><br />
</TABLE><SCRIPT>ss_serdce=1;ss_treug=0;ss_elka=1;ss_petla=1;ss_carbon=1;ss_piece_count=300 ;ss_korobka_count=1 ;</SCRIPT></p>

<p>Salaattirasiat on valmistettu tukevasta ja rasvankestävästä kraft-paperista, jonka sisäpuolella on vesipohjainen pinnoite ja biohajoava, kasvipohjainen PLA-ikkuna &#8211; mikä hieno tapa näyttää asiakkaille herkullinen salaatti tai muu kylmä ateria!<DIV class='hide'>5060271923854 01VWPASTA</DIV></p>
