{"id":2765378,"date":"2024-05-31T11:26:09","date_gmt":"2024-05-31T11:26:09","guid":{"rendered":""},"modified":"2024-05-31T11:26:09","modified_gmt":"2024-05-31T11:26:09","slug":"toidukarp-nr-3-kartongist-1800-ml-19-5-x-14-x-6-5-cm-pakis-180-tk","status":"publish","type":"product","link":"https:\/\/mixpack.ee\/fi\/product\/toidukarp-nr-3-kartongist-1800-ml-19-5-x-14-x-6-5-cm-pakis-180-tk\/","title":{"rendered":"Ateriarasia nro 3, kartonkia 1800 ml (19,5 x 14 x 6,5 cm), 180 kpl per pakkaus"},"content":{"rendered":"<p><TABLE> <TR class='ss_at' ss_attr='Suurus' ><br \/>\n<TD class='ss_at_name'>Koko<\/TD><br \/>\n<TD class='ss_at_val'>1800 ml<\/TD><br \/>\n<\/TR><br \/>\n<TR class='ss_at' ss_attr='T\u00fckkide arv pakendis' ><br \/>\n<TD class='ss_at_name'>Kappaletta pakkauksessa<\/TD><br \/>\n<TD class='ss_at_val'>180<\/TD><br \/>\n<\/TR><br \/>\n<TR class='ss_at' ss_attr='EAN' ><br \/>\n<TD class='ss_at_name'>EAN<\/TD><br \/>\n<TD class='ss_at_val'>5060271920631<\/TD><br \/>\n<\/TR><br \/>\n<TR class='ss_at' ss_attr='Pakke\u00fcksuste arv kastis' ><br \/>\n<TD class='ss_at_name'>Pakkauksia laatikossa<\/TD><br \/>\n<TD class='ss_at_val'>1<\/TD><br \/>\n<\/TR><br \/>\n<TR class='ss_at' ss_attr='T\u00fckkide arv kastis' ><br \/>\n<TD class='ss_at_name'>Kappaletta laatikossa<\/TD><br \/>\n<TD class='ss_at_val'>180<\/TD><br \/>\n<\/TR><br \/>\n<TR class='ss_at' ss_attr='Karpi pikkus (m)' ><br \/>\n<TD class='ss_at_name'>Laatikon pituus (m)<\/TD><br \/>\n<TD class='ss_at_val'>0,6<\/TD><br \/>\n<\/TR><br \/>\n<TR class='ss_at' ss_attr='Kasti k\u00f5rgus (m)' ><br \/>\n<TD class='ss_at_name'>Laatikon korkeus (m)<\/TD><br \/>\n<TD class='ss_at_val'>0,4<\/TD><br \/>\n<\/TR><br \/>\n<TR class='ss_at' ss_attr='Kasti s\u00fcgavus (m)' ><br \/>\n<TD class='ss_at_name'>Laatikon syvyys (m)<\/TD><br \/>\n<TD class='ss_at_val'>0,54<\/TD><br \/>\n<\/TR><br \/>\n<TR class='ss_at' ss_attr='Kasti maht (m)' ><br \/>\n<TD class='ss_at_name'>Laatikon tilavuus (m)<\/TD><br \/>\n<TD class='ss_at_val'>0,130<\/TD><br \/>\n<\/TR><br \/>\n<TR class='ss_at' ss_attr='1.7m kaubaaluste kogus' ><br \/>\n<TD class='ss_at_name'>1,7m lavoja<\/TD><br \/>\n<TD class='ss_at_val'>10<\/TD><br \/>\n<\/TR><br \/>\n<TR class='ss_at' ss_attr='2.1m kaubaaluste kogus' ><br \/>\n<TD class='ss_at_name'>2,1m lavoja<\/TD><br \/>\n<TD class='ss_at_val'>15<\/TD><br \/>\n<\/TR><br \/>\n<TR class='ss_at' ss_attr='Kauba netokaal (kg)' ><br \/>\n<TD class='ss_at_name'>Tavaran nettopaino (kg)<\/TD><br \/>\n<TD class='ss_at_val'>9,8<\/TD><br \/>\n<\/TR><br \/>\n<TR class='ss_at' ss_attr='Toote kogukaal (kg)' ><br \/>\n<TD class='ss_at_name'>Tuotteen kokopaino (kg)<\/TD><br \/>\n<TD class='ss_at_val'>11<\/TD><br \/>\n<\/TR><br \/>\n<TR class='ss_at' ss_attr='V\u00e4line pakkimiskaal (kg)' ><br \/>\n<TD class='ss_at_name'>Ulkoinen paino (kg)<\/TD><br \/>\n<TD class='ss_at_val'>1,1<\/TD><br \/>\n<\/TR><br \/>\n<TR class='ss_at' ss_attr='Sisupakendi kaal (kg)' ><br \/>\n<TD class='ss_at_name'>Sis\u00e4inen paino (kg)<\/TD><br \/>\n<TD class='ss_at_val'>0,1<\/TD><br \/>\n<\/TR><br \/>\n<TR class='ss_at' ss_attr='Pakkendi kaal (kg)' ><br \/>\n<TD class='ss_at_name'>Pakkauksen paino (kg)<\/TD><br \/>\n<TD class='ss_at_val'>9,8<\/TD><br \/>\n<\/TR><br \/>\n<\/TABLE><SCRIPT>ss_serdce=1;ss_treug=0;ss_elka=1;ss_petla=1;ss_carbon=0;ss_piece_count=180 ;ss_korobka_count=1 ;<\/SCRIPT><\/p>","protected":false},"excerpt":{"rendered":"<p>K\u00e4tev\u00e4 ja silti tyylik\u00e4s pahvinen ateriarasia. Ekologisen elegantti ev\u00e4srasia sopii mainiosti kylmien ja kuumien ruokien kuljettamiseen. Rasiaan mahtuu hyvin isompi annos chili con carne tai perunat lisukkeineen.<DIV class='hide'>5060271920631 1672<\/DIV><\/p>\n","protected":false},"featured_media":2765379,"template":"","meta":[],"product_brand":[],"product_cat":[7106,6975,6976,6541],"product_tag":[],"class_list":{"0":"post-2765378","1":"product","2":"type-product","3":"status-publish","4":"has-post-thumbnail","6":"product_cat-kiirtoidu-pakendid1","7":"product_cat-kiirtoidunoud1","8":"product_cat-toidukarbid1","9":"product_cat-kraft-karbid","10":"product_shipping_class-mix","12":"first","13":"instock","14":"taxable","15":"shipping-taxable","16":"purchasable","17":"product-type-simple"},"aioseo_notices":[],"_links":{"self":[{"href":"https:\/\/mixpack.ee\/fi\/wp-json\/wp\/v2\/product\/2765378","targetHints":{"allow":["GET"]}}],"collection":[{"href":"https:\/\/mixpack.ee\/fi\/wp-json\/wp\/v2\/product"}],"about":[{"href":"https:\/\/mixpack.ee\/fi\/wp-json\/wp\/v2\/types\/product"}],"wp:featuredmedia":[{"embeddable":true,"href":"https:\/\/mixpack.ee\/fi\/wp-json\/wp\/v2\/media\/2765379"}],"wp:attachment":[{"href":"https:\/\/mixpack.ee\/fi\/wp-json\/wp\/v2\/media?parent=2765378"}],"wp:term":[{"taxonomy":"product_brand","embeddable":true,"href":"https:\/\/mixpack.ee\/fi\/wp-json\/wp\/v2\/product_brand?post=2765378"},{"taxonomy":"product_cat","embeddable":true,"href":"https:\/\/mixpack.ee\/fi\/wp-json\/wp\/v2\/product_cat?post=2765378"},{"taxonomy":"product_tag","embeddable":true,"href":"https:\/\/mixpack.ee\/fi\/wp-json\/wp\/v2\/product_tag?post=2765378"}],"curies":[{"name":"wp","href":"https:\/\/api.w.org\/{rel}","templated":true}]}}

<p><TABLE> <TR class='ss_at' ss_attr='Suurus' ><br />
<TD class='ss_at_name'>Koko</TD><br />
<TD class='ss_at_val'>1800 ml</TD><br />
</TR><br />
<TR class='ss_at' ss_attr='Tükkide arv pakendis' ><br />
<TD class='ss_at_name'>Kappaletta pakkauksessa</TD><br />
<TD class='ss_at_val'>180</TD><br />
</TR><br />
<TR class='ss_at' ss_attr='EAN' ><br />
<TD class='ss_at_name'>EAN</TD><br />
<TD class='ss_at_val'>5060271920631</TD><br />
</TR><br />
<TR class='ss_at' ss_attr='Pakkeüksuste arv kastis' ><br />
<TD class='ss_at_name'>Pakkauksia laatikossa</TD><br />
<TD class='ss_at_val'>1</TD><br />
</TR><br />
<TR class='ss_at' ss_attr='Tükkide arv kastis' ><br />
<TD class='ss_at_name'>Kappaletta laatikossa</TD><br />
<TD class='ss_at_val'>180</TD><br />
</TR><br />
<TR class='ss_at' ss_attr='Karpi pikkus (m)' ><br />
<TD class='ss_at_name'>Laatikon pituus (m)</TD><br />
<TD class='ss_at_val'>0,6</TD><br />
</TR><br />
<TR class='ss_at' ss_attr='Kasti kõrgus (m)' ><br />
<TD class='ss_at_name'>Laatikon korkeus (m)</TD><br />
<TD class='ss_at_val'>0,4</TD><br />
</TR><br />
<TR class='ss_at' ss_attr='Kasti sügavus (m)' ><br />
<TD class='ss_at_name'>Laatikon syvyys (m)</TD><br />
<TD class='ss_at_val'>0,54</TD><br />
</TR><br />
<TR class='ss_at' ss_attr='Kasti maht (m)' ><br />
<TD class='ss_at_name'>Laatikon tilavuus (m)</TD><br />
<TD class='ss_at_val'>0,130</TD><br />
</TR><br />
<TR class='ss_at' ss_attr='1.7m kaubaaluste kogus' ><br />
<TD class='ss_at_name'>1,7m lavoja</TD><br />
<TD class='ss_at_val'>10</TD><br />
</TR><br />
<TR class='ss_at' ss_attr='2.1m kaubaaluste kogus' ><br />
<TD class='ss_at_name'>2,1m lavoja</TD><br />
<TD class='ss_at_val'>15</TD><br />
</TR><br />
<TR class='ss_at' ss_attr='Kauba netokaal (kg)' ><br />
<TD class='ss_at_name'>Tavaran nettopaino (kg)</TD><br />
<TD class='ss_at_val'>9,8</TD><br />
</TR><br />
<TR class='ss_at' ss_attr='Toote kogukaal (kg)' ><br />
<TD class='ss_at_name'>Tuotteen kokopaino (kg)</TD><br />
<TD class='ss_at_val'>11</TD><br />
</TR><br />
<TR class='ss_at' ss_attr='Väline pakkimiskaal (kg)' ><br />
<TD class='ss_at_name'>Ulkoinen paino (kg)</TD><br />
<TD class='ss_at_val'>1,1</TD><br />
</TR><br />
<TR class='ss_at' ss_attr='Sisupakendi kaal (kg)' ><br />
<TD class='ss_at_name'>Sisäinen paino (kg)</TD><br />
<TD class='ss_at_val'>0,1</TD><br />
</TR><br />
<TR class='ss_at' ss_attr='Pakkendi kaal (kg)' ><br />
<TD class='ss_at_name'>Pakkauksen paino (kg)</TD><br />
<TD class='ss_at_val'>9,8</TD><br />
</TR><br />
</TABLE><SCRIPT>ss_serdce=1;ss_treug=0;ss_elka=1;ss_petla=1;ss_carbon=0;ss_piece_count=180 ;ss_korobka_count=1 ;</SCRIPT></p>

<p>Kätevä ja silti tyylikäs pahvinen ateriarasia. Ekologisen elegantti eväsrasia sopii mainiosti kylmien ja kuumien ruokien kuljettamiseen. Rasiaan mahtuu hyvin isompi annos chili con carne tai perunat lisukkeineen.<DIV class='hide'>5060271920631 1672</DIV></p>
